e
Does 27 divide 1646647?
False
Does 252 divide 59866?
False
Is 51 a factor of 4915563?
False
Is 193638 a multiple of 5?
False
Is 9 a factor of 21197898?
True
Is 141820 a multiple of 96?
False
Does 33 divide 7687581?
True
Does 66 divide 182622?
True
Does 188 divide 93297?
False
Is 716 a factor of 240795?
False
Is 76 a factor of 179664?
True
Is 3253 a multiple of 16?
False
Does 512 divide 984393?
False
Is 326 a factor of 46618?
True
Does 409 divide 2012221?
False
Is 681 a multiple of 17?
False
Does 8 divide 70692?
False
Is 303178 a multiple of 36?
False
Is 1418361 a multiple of 7?
True
Is 41 a factor of 1942937?
False
Is 369525 a multiple of 75?
True
Does 50 divide 1270145?
False
Is 1010310 a multiple of 283?
True
Does 952 divide 1636488?
True
Is 892 a factor of 2186292?
True
Is 363072 a multiple of 129?
False
Is 10 a factor of 28394?
False
Does 20 divide 179740?
True
Does 73 divide 959731?
True
Is 16231778 a multiple of 20?
False
Is 156 a factor of 1152996?
True
Does 819 divide 3965025?
False
Is 207783 a multiple of 112?
False
Does 46 divide 2667310?
True
Does 144 divide 1111248?
True
Does 359 divide 14144959?
True
Does 29 divide 501062?
True
Is 1254152 a multiple of 37?
True
Is 1251771 a multiple of 23?
False
Is 345 a factor of 51795?
False
Does 200 divide 1669236?
False
Does 35 divide 3161353?
False
Is 3243246 a multiple of 520?
False
Does 12 divide 54624?
True
Is 110200 a multiple of 200?
True
Is 54 a factor of 315522?
True
Does 450 divide 432900?
True
Is 129960 a multiple of 361?
True
Is 24801 a multiple of 58?
False
Is 568400 a multiple of 200?
True
Is 215 a factor of 3441990?
False
Is 26 a factor of 46436?
True
Does 71 divide 1957400?
False
Is 280730 a multiple of 4?
False
Does 6 divide 6146?
False
Is 19784532 a multiple of 1493?
False
Is 3 a factor of 339650?
False
Is 197 a factor of 2690433?
False
Is 16760164 a multiple of 21?
False
Is 2186117 a multiple of 107?
True
Is 44 a factor of 13703?
False
Is 161037 a multiple of 22?
False
Does 28 divide 93382?
False
Does 11 divide 100760?
True
Does 187 divide 69190?
True
Does 515 divide 8837342?
False
Is 113449 a multiple of 19?
True
Does 22 divide 59829?
False
Is 788030 a multiple of 13?
False
Is 121 a factor of 242726?
True
Does 142 divide 2443311?
False
Is 135 a factor of 220050?
True
Is 13 a factor of 429586?
False
Is 41 a factor of 14391?
True
Is 118 a factor of 3894?
True
Is 28564 a multiple of 300?
False
Does 3 divide 39475?
False
Is 48 a factor of 463392?
True
Is 274 a factor of 3505282?
True
Is 541821 a multiple of 322?
False
Is 205 a factor of 924550?
True
Is 1265055 a multiple of 33?
True
Is 32 a factor of 4317?
False
Is 13 a factor of 14251887?
True
Is 517730 a multiple of 46?
True
Does 33 divide 1053723?
True
Is 266 a factor of 712614?
True
Does 459 divide 877608?
True
Is 15 a factor of 226147?
False
Is 37 a factor of 156695?
True
Is 92696 a multiple of 273?
False
Is 21 a factor of 56511?
True
Is 19 a factor of 1170989?
True
Is 35693 a multiple of 7?
True
Does 109 divide 127028?
False
Is 1218455 a multiple of 31?
True
Does 176 divide 56560?
False
Does 14 divide 720947?
False
Is 38 a factor of 42830?
False
Does 39 divide 4004584?
False
Is 8959950 a multiple of 270?
True
Is 44 a factor of 5571?
False
Is 3093030 a multiple of 10?
True
Does 30 divide 9693750?
True
Is 23 a factor of 54901?
True
Is 2440892 a multiple of 2?
True
Is 19 a factor of 11837?
True
Does 8 divide 62256?
True
Is 968 a multiple of 2?
True
Is 11842284 a multiple of 34?
False
Is 116 a factor of 105444?
True
Is 2 a factor of 25540?
True
Is 801089 a multiple of 255?
False
Is 82 a factor of 14365417?
False
Is 50 a factor of 371650?
True
Is 17367 a multiple of 28?
False
Is 181529 a multiple of 12?
False
Is 10 a factor of 21238?
False
Is 653794 a multiple of 65?
False
Is 242144 a multiple of 200?
False
Does 147 divide 110103?
True
Does 20 divide 2100139?
False
Does 5 divide 15480?
True
Does 17 divide 5431738?
True
Does 33 divide 427259?
False
Is 18 a factor of 1939896?
True
Is 36650 a multiple of 5?
True
Is 18676898 a multiple of 55?
False
Is 920092 a multiple of 355?
False
Is 15 a factor of 2160000?
True
Is 3872204 a multiple of 67?
False
Is 33 a factor of 9213659?
False
Is 1248127 a multiple of 485?
False
Is 92 a factor of 392836?
False
Is 124196 a multiple of 130?
False
Is 374931 a multiple of 195?
False
Does 58 divide 1852984?
True
Does 495 divide 1299343?
False
Does 11 divide 407869?
True
Is 3 a factor of 2766654?
True
Is 105924 a multiple of 182?
True
Is 466592 a multiple of 16?
True
Does 19 divide 2699733?
False
Does 60 divide 5919084?
False
Does 12 divide 6765?
False
Is 78916 a multiple of 218?
True
Is 2 a factor of 50693?
False
Does 5 divide 1051509?
False
Is 1233072 a multiple of 36?
True
Is 103 a factor of 1675810?
True
Does 348 divide 342281?
False
Does 63 divide 1394153?
False
Does 18 divide 601326?
True
Does 203 divide 2203768?
True
Is 4103190 a multiple of 65?
True
Is 261354 a multiple of 32?
False
Is 40443474 a multiple of 21?
False
Is 2312552 a multiple of 242?
True
Is 4938115 a multiple of 13?
True
Is 89787 a multiple of 4?
False
Does 13 divide 1267344?
True
Does 10 divide 479722?
False
Does 2969 divide 18018861?
True
Is 40 a factor of 741880?
True
Is 13344 a multiple of 3?
True
Is 1209 a factor of 2418000?
True
Is 42606 a multiple of 102?
False
Is 1969759 a multiple of 223?
True
Is 195 a factor of 1003333?
False
Is 239 a factor of 95646?
False
Is 785652 a multiple of 6?
True
Is 89 a factor of 1198176?
False
Is 22320 a multiple of 240?
True
Does 706 divide 250273?
False
Does 5 divide 65305?
True
Is 1267 a factor of 6226038?
True
Is 103912 a multiple of 124?
True
Is 4173 a multiple of 39?
True
Does 29 divide 48604?
True
Does 9 divide 51958?
False
Does 241 divide 42980?
False
Is 104506 a multiple of 325?
False
Does 250 divide 1320669?
False
Is 77357 a multiple of 43?
True
Does 18 divide 1483740?
True
Does 43 divide 15067?
False
Is 9 a factor of 3280779?
True
Is 93318 a multiple of 4?
False
Is 5 a factor of 8308?
False
Does 46 divide 463404?
True
Is 145 a factor of 1667935?
True
Does 13 divide 78714?
False
Is 7792 a multiple of 7?
False
Is 36 a factor of 490608?
True
Is 53 a factor of 24645?
True
Is 105 a factor of 24885?
True
Is 11892906 a multiple of 9?
True
Is 43028 a multiple of 2?
True
Is 25 a factor of 4493475?
True
Does 374 divide 18437?
False
Is 6 a factor of 742234?
False
Is 1599331 a multiple of 749?
False
Is 13 a factor of 446030?
True
Is 653579 a multiple of 221?
False
Is 23357 a multiple of 3?
False
Is 1533721 a multiple of 7?
True
Does 2 divide 214300?
True
Is 13 a factor of 113941?
False
Is 12 a factor of 792288?
True
Is 4069 a multiple of 55?
False
Is 8 a factor of 25504?
True
Is 548451 a multiple of 183?
True
Is 831440 a multiple of 8?
True
Does 3 divide 608628?
True
Is 431 a factor of 2110133?
False
Does 58 divide 199391?
False
Does 140 divide 4293015?
False
Is 448 a factor of 3215906?
False
Is 274867 a multiple of 49?
False
Is 580246 a multiple of 12?
False
Does 7 divide 865963?
True
Does 24 divide 5592?
True
Is 23 a factor of 1165318?
True
Does 21 divide 150605?
False
Does 83 divide 4374681?
True
Is 470470 a multiple of 13?
True
Does 175 divide 207550?
True
Does 27 divide 167697?
True
Does 81 divide 4092972?
False
Does 264 divide 178852?
False
Is 185710 a multiple of 245?
True
Does 317 divide 1673339?
False
Does 15 divide 5536570?
False
Does 571 divide 186146?
True
Is 1509813 a multiple of 9?
True
Is 869 a factor of 644085?
False
Is 166 a factor of 278015?
False
Is 276178 a multiple of 14?
True
Does 155 divide 894970?
True
Is 28 a factor of 2304857?
False
Is 24 a factor of 2637144?
True
Is 90644 a multiple of 179?
False
Is 283736 a multiple of 116?
True
Is 54 a factor of 28296?
True
Is 47602 a multiple of 175?
False
Does 15 divide 249060?
True
Is 146 a multiple of 13?
False
Is 10 a factor of 3638688?
False
Is 3210235 a multiple of 245?
True
Is 549 a factor of 4362903?
True
Is 709688 a multiple of 46?
True
Is 49842 a multiple of 3?
True
Is 7 a factor of 66297?
True
Does 63 divide 813519?
True
Does 305 divide 88694?
False
Is 285660 a multiple of 30?
True
Is 6076660 a multiple of 10?
True
Is 3284002 a multiple of 18?
False
Is 4 a factor of 28272?
True
Does 11 divide 203745?
False
Is 6